043 - 113?
2530
In base 7, what is -44 - 100133?
-100210
In base 8, what is 1137177 + -2?
1137175
In base 13, what is -838 + 255?
-5b3
In base 12, what is 21b726 + 0?
21b726
In base 2, what is 0 + -1100111110010101011?
-1100111110010101011
In base 14, what is -291 - 36a?
-61b
In base 13, what is 1527a3 + 4?
1527a7
In base 7, what is -32 + -26251?
-26313
In base 7, what is 32 - 226?
-164
In base 11, what is -5 - -142876?
142871
In base 11, what is -77300 - -4?
-772a7
In base 15, what is -4 + 51ed8?
51ed4
In base 8, what is 201 - 0?
201
In base 13, what is 8c8c + 16?
8ca5
In base 4, what is -12222 + -22220?
-101102
In base 9, what is -155 + 43?
-112
In base 2, what is -110 - 110000011110100?
-110000011111010
In base 15, what is -3 - 16255a?
-16255d
In base 2, what is 101 - 110101100101110110011?
-110101100101110101110
In base 2, what is 101011 - 110101000010?
-110100010111
In base 10, what is -2121 - -526?
-1595
In base 4, what is 332120 + -21?
332033
In base 10, what is 9 - 619?
-610
In base 5, what is -3 - -24143404?
24143401
In base 12, what is -123a + -a0?
-131a
In base 10, what is 37549 - -22?
37571
In base 11, what is 428 - -594?
a11
In base 16, what is -30 - -111d?
10ed
In base 15, what is 197138 - 5?
197133
In base 14, what is -8 + -597?
-5a1
In base 11, what is 981 - -9?
98a
In base 14, what is 841 - 13?
82c
In base 12, what is -11a3 + 4?
-119b
In base 5, what is -1422 - -24014?
22042
In base 10, what is -1 + 81860?
81859
In base 16, what is b54ff + 3?
b5502
In base 6, what is -3 - -2311?
2304
In base 9, what is 48 - 336?
-277
In base 11, what is 190719 - 4?
190715
In base 7, what is 206 + -405?
-166
In base 4, what is -11 - -2211000111?
2211000100
In base 7, what is 3 - 44404?
-44401
In base 5, what is 422243 - 11?
422232
In base 4, what is 201031 - 32?
200333
In base 3, what is 2 - 12020002221?
-12020002212
In base 8, what is 0 + -117174?
-117174
In base 15, what is -2ddede - -3?
-2ddedb
In base 6, what is -124 + 13355?
13231
In base 6, what is 0 - -54154?
54154
In base 11, what is -51 + -1553?
-15a4
In base 5, what is 3 - 210323?
-210320
In base 2, what is 101001 - 11101110010?
-11101001001
In base 11, what is -8a + 638?
559
In base 16, what is -5d9 - -194?
-445
In base 12, what is 10 + 1a84?
1a94
In base 12, what is -6153 - 3?
-6156
In base 16, what is -2 + c4b4?
c4b2
In base 15, what is -50048 - -15?
-50033
In base 7, what is 6 - 32306?
-32300
In base 4, what is 2022 + 121031?
123113
In base 2, what is 10011101100100011010 + -1?
10011101100100011001
In base 2, what is 101011111010 - -1100000101?
110111111111
In base 10, what is -557 + -834?
-1391
In base 9, what is -3 - 628?
-632
In base 7, what is 15255 + 11?
15266
In base 16, what is 209 + 5a?
263
In base 2, what is 110100000 - 11?
110011101
In base 4, what is 2303122 - 11?
2303111
In base 15, what is -49 - -b005?
aeab
In base 15, what is -e - 60b2?
-60c1
In base 11, what is 55 - 5250?
-51a6
In base 9, what is 281 - 45662?
-45371
In base 10, what is -5256 - 58?
-5314
In base 16, what is -8e - 1699?
-1727
In base 11, what is 11558a - -7?
115596
In base 7, what is -3 + 101232?
101226
In base 12, what is a0163 - -2?
a0165
In base 7, what is -242 + -616?
-1161
In base 5, what is 4 - -11143302?
11143311
In base 3, what is -1020022020022 - 12?
-1020022020111
In base 13, what is 7 + -523a?
-5233
In base 11, what is -378 - 26a?
-637
In base 6, what is -4145 - 14?
-4203
In base 2, what is -11011 + -101110010000?
-101110101011
In base 2, what is 11010010111101 - 100000010?
11001110111011
In base 11, what is -6a5 + -546?
-1140
In base 6, what is 535 + -15110?
-14131
In base 5, what is 302140 - 112?
302023
In base 11, what is -126175 + -9?
-126183
In base 5, what is -10213040 + -24?
-10213114
In base 8, what is 1355 - -644?
2221
In base 10, what is 0 + -36413?
-36413
In base 16, what is fb0502 - 3?
fb04ff
In base 4, what is 10 - 10032112?
-10032102
In base 10, what is -218 - 5073?
-5291
In base 3, what is -1110001211210 - 11?
-1110001211221
In base 12, what is 7 + -80017?
-80010
In base 15, what is c88a + -2?
c888
In base 14, what is 1215 - -42?
1257
In base 10, what is -252 + 933?
681
In base 4, what is -1101020320 - 1?
-1101020321
In base 10, what is -61 - 10389?
-10450
In base 12, what is 8725 - 7?
871a
In base 10, what is 3 - 4937?
-4934
In base 11, what is -45643 + -4?
-45647
In base 5, what is -13234 - -20?
-13214
In base 9, what is 1743434 - 3?
1743431
In base 15, what is -5 + 236d6?
236d1
In base 2, what is -110000111010110 + 11?
-110000111010011
In base 4, what is -1023103310 - 10?
-1023103320
In base 3, what is 2101100212 + 100?
2101101012
In base 10, what is -1483110 + 1?
-1483109
In base 9, what is -42 + 3700?
3647
In base 3, what is -211000011 - 2?
-211000020
In base 8, what is 14 + 1420?
1434
In base 6, what is -1 + -3415130?
-3415131
In base 3, what is 12 + -1200100112?
-1200100100
In base 3, what is 100100100 + 220?
100101020
In base 5, what is -22143142 + -3?
-22143200
In base 10, what is 81 - 4743?
-4662
In base 12, what is -4b + -16?
-65
In base 2, what is -11110 + 10011?
-1011
In base 14, what is -137 - 9b8?
-b11
In base 13, what is -48a8 - 29?
-4904
In base 10, what is -66888 - 2?
-66890
In base 12, what is -2 + -b833b?
-b8341
In base 10, what is 437 - -7701?
8138
In base 6, what is -1 - -1112211?
1112210
In base 10, what is -21 + 34?
13
In base 11, what is 380a + -10?
37aa
In base 14, what is 815 - 9a?
759
In base 11, what is -8a + 2721?
2642
In base 2, what is -111001101001 - 100?
-111001101101
In base 7, what is -66161 + -13?
-66204
In base 7, what is 3 + -133003?
-133000
In base 2, what is -11010 + -101001011100010?
-101001011111100
In base 13, what is -19c5 + -7?
-19cc
In base 6, what is -2 - 2005544?
-2005550
In base 8, what is 243 + -16057?
-15614
In base 15, what is -140a + -3?
-140d
In base 16, what is 779c + 3?
779f
In base 4, what is 0 + -13333300?
-13333300
In base 8, what is -75736 + 5?
-75731
In base 3, what is 2122000100 - -12?
2122000112
In base 15, what is 0 + -6d8b?
-6d8b
In base 8, what is 16 + 1471?
1507
In base 13, what is -bb4 - 1c0?
-10a4
In base 16, what is -674 - 4b?
-6bf
In base 2, what is 10 - 11100001100010100?
-11100001100010010
In base 4, what is 11 - -12210103?
12210120
In base 15, what is 99c4 - 5?
99be
In base 15, what is -858 + 6dd?
-16a
In base 13, what is -9c - 351b?
-35ba
In base 2, what is 1000 + -110101000110?
-110100111110
In base 3, what is 11010202202100 - 10?
11010202202020
In base 14, what is 2b - -a456?
a483
In base 16, what is -21d + 117?
-106
In base 12, what is -9 + -9373a?
-93747
In base 9, what is 13825 + -46?
13768
In base 14, what is -3 + 1018?
1015
In base 9, what is 1 + -40617?
-40616
In base 16, what is -a5d39 + -1?
-a5d3a
In base 11, what is 18113a + -12?
181128
In base 8, what is 3124 + -3?
3121
In base 13, what is 12 - -1298?
12aa
In base 6, what is 202523 + 0?
202523
In base 10, what is -4284 + -2?
-4286
In base 7, what is -624 - 1200?
-2124
In base 4, what is -303121 - -1031?
-302030
In base 15, what is -3 - -65d89?
65d86
In base 5, what is -220343 + 34?
-220304
In base 4, what is 3201311 - -10?
3201321
In base 5, what is 1110143 - -13?
1110211
In base 12, what is -3321 + -104?
-3425
In base 6, what is 1 - -133404?
133405
In base 14, what is 100271 - -4?
100275
In base 8, what is 2333 - 70?
2243
In base 12, what is -130676 + 0?
-130676
In base 4, what is -2 + 313032?
313030
In base 5, what is -1 + 14222234?
14222233
In base 8, what is -4 - 135376?
-135402
In base 10, what is -679 + -2?
-681
In base 15, what is -2 + 28e?
28c
In base 12, what is -1 - -61b3a?
61b39
In base 12, what is -7 + -78809?
-78814
In base 5, what is -332 + 2204?
1322
In base 3, what is -1221 - -2222000?
2220002
In base 15, what is 54 + -5274?
-5220
In base 11, what is -18315 - -28?
-18298
In base 10, what is -192 - -362?
170
In base 9, what is 6617034 + -5?
6617028
In base 13, what is -4 - -874bb?
874b7
In base 7, what is -345065 - 10?
-345105
In base 2, what is 11 - -1000100000010101011?
1000100000010101110
In base 15, what is -33 + 182?
14e
In base 5, what is 10 + 4431340?
4431400
In base 10, what is 3 + -6013?
-6010
In base 16, what is -d + 59b?
58e
In base 7, what is 33 - -1021324?
1021360
In base 14, what is 5b0c - -5?
5b13
In base